{"version":"1.0","provider_name":"7culture","provider_url":"https:\/\/7culture.ci","author_name":"7culture2020","author_url":"https:\/\/7culture.ci\/index.php\/author\/7culture2020\/","title":"Kaduna International Film Festival : Guy Kalou sacr\u00e9 ! - 7culture","type":"rich","width":600,"height":338,"html":"<blockquote class=\"wp-embedded-content\" data-secret=\"zayW5MhvPm\"><a href=\"https:\/\/7culture.ci\/index.php\/2023\/09\/06\/kaduna-international-film-festival-guy-kalou-sacre\/\">Kaduna International Film Festival : Guy Kalou sacr\u00e9 !<\/a><\/blockquote><iframe sandbox=\"allow-scripts\" security=\"restricted\" src=\"https:\/\/7culture.ci\/index.php\/2023\/09\/06\/kaduna-international-film-festival-guy-kalou-sacre\/embed\/#?secret=zayW5MhvPm\" width=\"600\" height=\"338\" title=\"\u00ab\u00a0Kaduna International Film Festival : Guy Kalou sacr\u00e9 !\u00a0\u00bb &#8212; 7culture\" data-secret=\"zayW5MhvPm\" frameborder=\"0\" marginwidth=\"0\" marginheight=\"0\" scrolling=\"no\" class=\"wp-embedded-content\"><\/iframe><script>\n\/*! This file is auto-generated *\/\n!function(d,l){\"use strict\";l.querySelector&&d.addEventListener&&\"undefined\"!=typeof URL&&(d.wp=d.wp||{},d.wp.receiveEmbedMessage||(d.wp.receiveEmbedMessage=function(e){var t=e.data;if((t||t.secret||t.message||t.value)&&!\/[^a-zA-Z0-9]\/.test(t.secret)){for(var s,r,n,a=l.querySelectorAll('iframe[data-secret=\"'+t.secret+'\"]'),o=l.querySelectorAll('blockquote[data-secret=\"'+t.secret+'\"]'),c=new RegExp(\"^https?:$\",\"i\"),i=0;i<o.length;i++)o[i].style.display=\"none\";for(i=0;i<a.length;i++)s=a[i],e.source===s.contentWindow&&(s.removeAttribute(\"style\"),\"height\"===t.message?(1e3<(r=parseInt(t.value,10))?r=1e3:~~r<200&&(r=200),s.height=r):\"link\"===t.message&&(r=new URL(s.getAttribute(\"src\")),n=new URL(t.value),c.test(n.protocol))&&n.host===r.host&&l.activeElement===s&&(d.top.location.href=t.value))}},d.addEventListener(\"message\",d.wp.receiveEmbedMessage,!1),l.addEventListener(\"DOMContentLoaded\",function(){for(var e,t,s=l.querySelectorAll(\"iframe.wp-embedded-content\"),r=0;r<s.length;r++)(t=(e=s[r]).getAttribute(\"data-secret\"))||(t=Math.random().toString(36).substring(2,12),e.src+=\"#?secret=\"+t,e.setAttribute(\"data-secret\",t)),e.contentWindow.postMessage({message:\"ready\",secret:t},\"*\")},!1)))}(window,document);\n<\/script>\n","thumbnail_url":"http:\/\/7culture.ci\/wp-content\/uploads\/2023\/09\/Kalou_Oui1.jpg","thumbnail_width":720,"thumbnail_height":481,"description":"Il y a de joie chez Guy Kalou! L\u2019acteur ivoirien a \u00e9t\u00e9 sacr\u00e9 Meilleur acteur international le 26 ao\u00fbt 2023 \u00e0 la 6e \u00e9dition du Kaduna International Film Festival au Nigeria pour son r\u00f4le de capitaine Ilboudo dans \u2018\u2019Le chant des fusils\u2019\u2019. C\u2019est un long m\u00e9trage du r\u00e9alisateur burkinab\u00e8, Jean Elliot M.R. Ilboudo. \u00ab&nbsp;Cela fait &hellip;  Lire la suite\u00a0\u00bb"}

Kaduna International Film Festival : Guy Kalou sacré ! - 7culture

<blockquote class="wp-embedded-content" data-secret="zayW5MhvPm"><a href="https://7culture.ci/index.php/2023/09/06/kaduna-international-film-festival-guy-kalou-sacre/">Kaduna International Film Festival : Guy Kalou sacré !</a></blockquote><iframe sandbox="allow-scripts" security="restricted" src="https://7culture.ci/index.php/2023/09/06/kaduna-international-film-festival-guy-kalou-sacre/embed/#?secret=zayW5MhvPm" width="600" height="338" title="« Kaduna International Film Festival : Guy Kalou sacré ! » &#8212; 7culture" data-secret="zayW5MhvPm" frameborder="0" marginwidth="0" marginheight="0" scrolling="no" class="wp-embedded-content"></iframe><script>
/*! This file is auto-generated */
!function(d,l){"use strict";l.querySelector&&d.addEventListener&&"undefined"!=typeof URL&&(d.wp=d.wp||{},d.wp.receiveEmbedMessage||(d.wp.receiveEmbedMessage=function(e){var t=e.data;if((t||t.secret||t.message||t.value)&&!/[^a-zA-Z0-9]/.test(t.secret)){for(var s,r,n,a=l.querySelectorAll('iframe[data-secret="'+t.secret+'"]'),o=l.querySelectorAll('blockquote[data-secret="'+t.secret+'"]'),c=new RegExp("^https?:$","i"),i=0;i<o.length;i++)o[i].style.display="none";for(i=0;i<a.length;i++)s=a[i],e.source===s.contentWindow&&(s.removeAttribute("style"),"height"===t.message?(1e3<(r=parseInt(t.value,10))?r=1e3:~~r<200&&(r=200),s.height=r):"link"===t.message&&(r=new URL(s.getAttribute("src")),n=new URL(t.value),c.test(n.protocol))&&n.host===r.host&&l.activeElement===s&&(d.top.location.href=t.value))}},d.addEventListener("message",d.wp.receiveEmbedMessage,!1),l.addEventListener("DOMContentLoaded",function(){for(var e,t,s=l.querySelectorAll("iframe.wp-embedded-content"),r=0;r<s.length;r++)(t=(e=s[r]).getAttribute("data-secret"))||(t=Math.random().toString(36).substring(2,12),e.src+="#?secret="+t,e.setAttribute("data-secret",t)),e.contentWindow.postMessage({message:"ready",secret:t},"*")},!1)))}(window,document);
</script>

Il y a de joie chez Guy Kalou! L’acteur ivoirien a été sacré Meilleur acteur international le 26 août 2023 à la 6e édition du Kaduna International Film Festival au Nigeria pour son rôle de capitaine Ilboudo dans ‘’Le chant des fusils’’. C’est un long métrage du réalisateur burkinabè, Jean Elliot M.R. Ilboudo. «&nbsp;Cela fait &hellip;  Lire la suite »
