{"version":"1.0","provider_name":"7culture","provider_url":"https:\/\/7culture.ci","author_name":"7culture2020","author_url":"https:\/\/7culture.ci\/index.php\/author\/7culture2020\/","title":"Concert\u00a0: Le retour du King - 7culture","type":"rich","width":600,"height":338,"html":"<blockquote class=\"wp-embedded-content\" data-secret=\"VWuJEeEvWt\"><a href=\"https:\/\/7culture.ci\/index.php\/2023\/07\/08\/concert-le-retour-du-king\/\">Concert\u00a0: Le retour du King<\/a><\/blockquote><iframe sandbox=\"allow-scripts\" security=\"restricted\" src=\"https:\/\/7culture.ci\/index.php\/2023\/07\/08\/concert-le-retour-du-king\/embed\/#?secret=VWuJEeEvWt\" width=\"600\" height=\"338\" title=\"\u00ab\u00a0Concert\u00a0: Le retour du King\u00a0\u00bb &#8212; 7culture\" data-secret=\"VWuJEeEvWt\" frameborder=\"0\" marginwidth=\"0\" marginheight=\"0\" scrolling=\"no\" class=\"wp-embedded-content\"><\/iframe><script>\n\/*! This file is auto-generated *\/\n!function(d,l){\"use strict\";l.querySelector&&d.addEventListener&&\"undefined\"!=typeof URL&&(d.wp=d.wp||{},d.wp.receiveEmbedMessage||(d.wp.receiveEmbedMessage=function(e){var t=e.data;if((t||t.secret||t.message||t.value)&&!\/[^a-zA-Z0-9]\/.test(t.secret)){for(var s,r,n,a=l.querySelectorAll('iframe[data-secret=\"'+t.secret+'\"]'),o=l.querySelectorAll('blockquote[data-secret=\"'+t.secret+'\"]'),c=new RegExp(\"^https?:$\",\"i\"),i=0;i<o.length;i++)o[i].style.display=\"none\";for(i=0;i<a.length;i++)s=a[i],e.source===s.contentWindow&&(s.removeAttribute(\"style\"),\"height\"===t.message?(1e3<(r=parseInt(t.value,10))?r=1e3:~~r<200&&(r=200),s.height=r):\"link\"===t.message&&(r=new URL(s.getAttribute(\"src\")),n=new URL(t.value),c.test(n.protocol))&&n.host===r.host&&l.activeElement===s&&(d.top.location.href=t.value))}},d.addEventListener(\"message\",d.wp.receiveEmbedMessage,!1),l.addEventListener(\"DOMContentLoaded\",function(){for(var e,t,s=l.querySelectorAll(\"iframe.wp-embedded-content\"),r=0;r<s.length;r++)(t=(e=s[r]).getAttribute(\"data-secret\"))||(t=Math.random().toString(36).substring(2,12),e.src+=\"#?secret=\"+t,e.setAttribute(\"data-secret\",t)),e.contentWindow.postMessage({message:\"ready\",secret:t},\"*\")},!1)))}(window,document);\n<\/script>\n","thumbnail_url":"http:\/\/7culture.ci\/wp-content\/uploads\/2023\/07\/gadji.jpg","thumbnail_width":800,"thumbnail_height":544,"description":"C\u2019est l\u2019un des sujets d\u2019actualit\u00e9 qui occupe les Ivoiriens tant sur la toile que la vie r\u00e9elle. Apr\u00e8s 12 ans d\u2019exil en France, Gadji Celi est annonc\u00e9 pour deux concerts exclusifs \u00e0 Abidjan. Dans la cit\u00e9, l\u2019affiche de ces \u00e9v\u00e8nements est placard\u00e9e sur les grandes art\u00e8res et les carrefours les plus significatifs. Op\u00e9ration de communication &hellip;  Lire la suite\u00a0\u00bb"}

C’est l’un des sujets d’actualité qui occupe les Ivoiriens tant sur la toile que la vie réelle. Après 12 ans d’exil en France, Gadji Celi est annoncé pour deux concerts exclusifs à Abidjan. Dans la cité, l’affiche de ces évènements est placardée sur les grandes artères et les carrefours les plus significatifs. Opération de communication &hellip;  Lire la suite »
