{"version":"1.0","provider_name":"7culture","provider_url":"https:\/\/7culture.ci","author_name":"7culture2020","author_url":"https:\/\/7culture.ci\/index.php\/author\/7culture2020\/","title":"Formation\u00a0: Les artistes ivoiriens renforcent leur capacit\u00e9 - 7culture","type":"rich","width":600,"height":338,"html":"<blockquote class=\"wp-embedded-content\" data-secret=\"mHF5oNKMCw\"><a href=\"https:\/\/7culture.ci\/index.php\/2023\/04\/18\/formation-les-artistes-ivoiriens-renforcent-leur-capacite\/\">Formation\u00a0: Les artistes ivoiriens renforcent leur capacit\u00e9<\/a><\/blockquote><iframe sandbox=\"allow-scripts\" security=\"restricted\" src=\"https:\/\/7culture.ci\/index.php\/2023\/04\/18\/formation-les-artistes-ivoiriens-renforcent-leur-capacite\/embed\/#?secret=mHF5oNKMCw\" width=\"600\" height=\"338\" title=\"\u00ab\u00a0Formation\u00a0: Les artistes ivoiriens renforcent leur capacit\u00e9\u00a0\u00bb &#8212; 7culture\" data-secret=\"mHF5oNKMCw\" frameborder=\"0\" marginwidth=\"0\" marginheight=\"0\" scrolling=\"no\" class=\"wp-embedded-content\"><\/iframe><script>\n\/*! This file is auto-generated *\/\n!function(d,l){\"use strict\";l.querySelector&&d.addEventListener&&\"undefined\"!=typeof URL&&(d.wp=d.wp||{},d.wp.receiveEmbedMessage||(d.wp.receiveEmbedMessage=function(e){var t=e.data;if((t||t.secret||t.message||t.value)&&!\/[^a-zA-Z0-9]\/.test(t.secret)){for(var s,r,n,a=l.querySelectorAll('iframe[data-secret=\"'+t.secret+'\"]'),o=l.querySelectorAll('blockquote[data-secret=\"'+t.secret+'\"]'),c=new RegExp(\"^https?:$\",\"i\"),i=0;i<o.length;i++)o[i].style.display=\"none\";for(i=0;i<a.length;i++)s=a[i],e.source===s.contentWindow&&(s.removeAttribute(\"style\"),\"height\"===t.message?(1e3<(r=parseInt(t.value,10))?r=1e3:~~r<200&&(r=200),s.height=r):\"link\"===t.message&&(r=new URL(s.getAttribute(\"src\")),n=new URL(t.value),c.test(n.protocol))&&n.host===r.host&&l.activeElement===s&&(d.top.location.href=t.value))}},d.addEventListener(\"message\",d.wp.receiveEmbedMessage,!1),l.addEventListener(\"DOMContentLoaded\",function(){for(var e,t,s=l.querySelectorAll(\"iframe.wp-embedded-content\"),r=0;r<s.length;r++)(t=(e=s[r]).getAttribute(\"data-secret\"))||(t=Math.random().toString(36).substring(2,12),e.src+=\"#?secret=\"+t,e.setAttribute(\"data-secret\",t)),e.contentWindow.postMessage({message:\"ready\",secret:t},\"*\")},!1)))}(window,document);\n<\/script>\n","thumbnail_url":"http:\/\/7culture.ci\/wp-content\/uploads\/2023\/04\/WhatsApp-Image-2023-04-14-at-15.41.30.jpeg","thumbnail_width":1080,"thumbnail_height":720,"description":"R\u00e9unir les acteurs majeurs du show-biz ivoirien et leur donner des rudiments \u00e0 m\u00eame de pouvoir leur permettre de mieux travailler avec la presse, de fa\u00e7on plus professionnelle, \u00e9taient l\u2019objectif de cette 4e session de formation \u00e0 l\u2019endroit des promoteurs de la culture ivoirienne. Elle s\u2019est tenue le jeudi 13 avril 2023 \u00e0 la maison &hellip;  Lire la suite\u00a0\u00bb"}

Formation : Les artistes ivoiriens renforcent leur capacité - 7culture

<blockquote class="wp-embedded-content" data-secret="mHF5oNKMCw"><a href="https://7culture.ci/index.php/2023/04/18/formation-les-artistes-ivoiriens-renforcent-leur-capacite/">Formation : Les artistes ivoiriens renforcent leur capacité</a></blockquote><iframe sandbox="allow-scripts" security="restricted" src="https://7culture.ci/index.php/2023/04/18/formation-les-artistes-ivoiriens-renforcent-leur-capacite/embed/#?secret=mHF5oNKMCw" width="600" height="338" title="« Formation : Les artistes ivoiriens renforcent leur capacité » &#8212; 7culture" data-secret="mHF5oNKMCw" frameborder="0" marginwidth="0" marginheight="0" scrolling="no" class="wp-embedded-content"></iframe><script>
/*! This file is auto-generated */
!function(d,l){"use strict";l.querySelector&&d.addEventListener&&"undefined"!=typeof URL&&(d.wp=d.wp||{},d.wp.receiveEmbedMessage||(d.wp.receiveEmbedMessage=function(e){var t=e.data;if((t||t.secret||t.message||t.value)&&!/[^a-zA-Z0-9]/.test(t.secret)){for(var s,r,n,a=l.querySelectorAll('iframe[data-secret="'+t.secret+'"]'),o=l.querySelectorAll('blockquote[data-secret="'+t.secret+'"]'),c=new RegExp("^https?:$","i"),i=0;i<o.length;i++)o[i].style.display="none";for(i=0;i<a.length;i++)s=a[i],e.source===s.contentWindow&&(s.removeAttribute("style"),"height"===t.message?(1e3<(r=parseInt(t.value,10))?r=1e3:~~r<200&&(r=200),s.height=r):"link"===t.message&&(r=new URL(s.getAttribute("src")),n=new URL(t.value),c.test(n.protocol))&&n.host===r.host&&l.activeElement===s&&(d.top.location.href=t.value))}},d.addEventListener("message",d.wp.receiveEmbedMessage,!1),l.addEventListener("DOMContentLoaded",function(){for(var e,t,s=l.querySelectorAll("iframe.wp-embedded-content"),r=0;r<s.length;r++)(t=(e=s[r]).getAttribute("data-secret"))||(t=Math.random().toString(36).substring(2,12),e.src+="#?secret="+t,e.setAttribute("data-secret",t)),e.contentWindow.postMessage({message:"ready",secret:t},"*")},!1)))}(window,document);
</script>

Réunir les acteurs majeurs du show-biz ivoirien et leur donner des rudiments à même de pouvoir leur permettre de mieux travailler avec la presse, de façon plus professionnelle, étaient l’objectif de cette 4e session de formation à l’endroit des promoteurs de la culture ivoirienne. Elle s’est tenue le jeudi 13 avril 2023 à la maison &hellip;  Lire la suite »
