{"version":"1.0","provider_name":"7culture","provider_url":"https:\/\/7culture.ci","author_name":"7culture2020","author_url":"https:\/\/7culture.ci\/index.php\/author\/7culture2020\/","title":"UJOCCI\u00a0: le bureau 2 de Philip Kla investi\u00a0! -","type":"rich","width":600,"height":338,"html":"<blockquote class=\"wp-embedded-content\" data-secret=\"nvpyUH9Ktk\"><a href=\"https:\/\/7culture.ci\/index.php\/2022\/05\/26\/ujocci-le-bureau-2-de-philip-kla-investi\/\">UJOCCI\u00a0: le bureau 2 de Philip Kla investi\u00a0!<\/a><\/blockquote><iframe sandbox=\"allow-scripts\" security=\"restricted\" src=\"https:\/\/7culture.ci\/index.php\/2022\/05\/26\/ujocci-le-bureau-2-de-philip-kla-investi\/embed\/#?secret=nvpyUH9Ktk\" width=\"600\" height=\"338\" title=\"\u00ab\u00a0UJOCCI\u00a0: le bureau 2 de Philip Kla investi\u00a0!\u00a0\u00bb &#8212; 7culture\" data-secret=\"nvpyUH9Ktk\" frameborder=\"0\" marginwidth=\"0\" marginheight=\"0\" scrolling=\"no\" class=\"wp-embedded-content\"><\/iframe><script>\n\/*! This file is auto-generated *\/\n!function(d,l){\"use strict\";l.querySelector&&d.addEventListener&&\"undefined\"!=typeof URL&&(d.wp=d.wp||{},d.wp.receiveEmbedMessage||(d.wp.receiveEmbedMessage=function(e){var t=e.data;if((t||t.secret||t.message||t.value)&&!\/[^a-zA-Z0-9]\/.test(t.secret)){for(var s,r,n,a=l.querySelectorAll('iframe[data-secret=\"'+t.secret+'\"]'),o=l.querySelectorAll('blockquote[data-secret=\"'+t.secret+'\"]'),c=new RegExp(\"^https?:$\",\"i\"),i=0;i<o.length;i++)o[i].style.display=\"none\";for(i=0;i<a.length;i++)s=a[i],e.source===s.contentWindow&&(s.removeAttribute(\"style\"),\"height\"===t.message?(1e3<(r=parseInt(t.value,10))?r=1e3:~~r<200&&(r=200),s.height=r):\"link\"===t.message&&(r=new URL(s.getAttribute(\"src\")),n=new URL(t.value),c.test(n.protocol))&&n.host===r.host&&l.activeElement===s&&(d.top.location.href=t.value))}},d.addEventListener(\"message\",d.wp.receiveEmbedMessage,!1),l.addEventListener(\"DOMContentLoaded\",function(){for(var e,t,s=l.querySelectorAll(\"iframe.wp-embedded-content\"),r=0;r<s.length;r++)(t=(e=s[r]).getAttribute(\"data-secret\"))||(t=Math.random().toString(36).substring(2,12),e.src+=\"#?secret=\"+t,e.setAttribute(\"data-secret\",t)),e.contentWindow.postMessage({message:\"ready\",secret:t},\"*\")},!1)))}(window,document);\n<\/script>\n","thumbnail_url":"http:\/\/7culture.ci\/wp-content\/uploads\/2022\/05\/WhatsApp-Image-2022-05-26-at-16.36.02.jpeg","thumbnail_width":1080,"thumbnail_height":720,"description":"C\u2019est reparti pour un nouveau bail pour Philip Kla et son bureau ex\u00e9cutif. R\u00e9\u00e9lu \u00e0 la t\u00eate de l\u2019Union des Journalistes Culturels de C\u00f4te d\u2019Ivoire (UJOCCI) le samedi 11 d\u00e9cembre 2022, Philip Kla a \u00e9t\u00e9 officiellement investi ce mercredi 25 mai 2022 \u00e0 la Maison de la Presse d\u2019Abidjan-Plateau. L\u2019\u00e9v\u00e8nement a r\u00e9uni un beau monde &hellip;  Lire la suite\u00a0\u00bb"}

C’est reparti pour un nouveau bail pour Philip Kla et son bureau exécutif. Réélu à la tête de l’Union des Journalistes Culturels de Côte d’Ivoire (UJOCCI) le samedi 11 décembre 2022, Philip Kla a été officiellement investi ce mercredi 25 mai 2022 à la Maison de la Presse d’Abidjan-Plateau. L’évènement a réuni un beau monde &hellip;  Lire la suite »
